
98
What is the remainder when 2037 is divided by 615?
192
What is the remainder when 5332 is divided by 83?
20
Calculate the remainder when 8444 is divided by 446.
416
What is the remainder when 475313 is divided by 718?
715
Calculate the remainder when 12853 is divided by 18.
1
What is the remainder when 543 is divided by 132?
15
Calculate the remainder when 8390 is divided by 37.
28
Calculate the remainder when 1925 is divided by 168.
77
Calculate the remainder when 136136 is divided by 376.
24
Calculate the remainder when 152842 is divided by 125.
92
Calculate the remainder when 14254 is divided by 22.
20
Calculate the remainder when 2569 is divided by 256.
9
What is the remainder when 183539 is divided by 30?
29
What is the remainder when 7122 is divided by 3241?
640
What is the remainder when 25092 is divided by 100?
92
What is the remainder when 11109 is divided by 10943?
166
What is the remainder when 20594 is divided by 7?
0
Calculate the remainder when 19696 is divided by 50.
46
What is the remainder when 547 is divided by 200?
147
What is the remainder when 3147491 is divided by 15?
11
Calculate the remainder when 5719 is divided by 586.
445
What is the remainder when 611289 is divided by 246?
225
Calculate the remainder when 18847 is divided by 183.
181
What is the remainder when 1095136 is divided by 340?
336
Calculate the remainder when 12415 is divided by 1400.
1215
Calculate the remainder when 13720 is divided by 45.
40
What is the remainder when 2786 is divided by 228?
50
Calculate the remainder when 7815 is divided by 206.
193
Calculate the remainder when 8420 is divided by 18.
14
What is the remainder when 254596 is divided by 50919?
1
What is the remainder when 14528 is divided by 803?
74
Calculate the remainder when 1287 is divided by 156.
39
Calculate the remainder when 126478 is divided by 124.
122
Calculate the remainder when 31314 is divided by 15655.
4
Calculate the remainder when 67465 is divided by 21.
13
Calculate the remainder when 239386 is divided by 12597.
43
Calculate the remainder when 1313528 is divided by 12.
8
What is the remainder when 1495 is divided by 233?
97
Calculate the remainder when 20607 is divided by 322.
321
Calculate the remainder when 121998 is divided by 11.
8
Calculate the remainder when 2388 is divided by 43.
23
What is the remainder when 2497 is divided by 499?
2
Calculate the remainder when 267913 is divided by 97.
96
What is the remainder when 17641 is divided by 53?
45
What is the remainder when 53433 is divided by 3339?
9
What is the remainder when 10516 is divided by 2469?
640
What is the remainder when 4715 is divided by 1509?
188
Calculate the remainder when 14712 is divided by 110.
82
What is the remainder when 29152 is divided by 79?
1
Calculate the remainder when 15450 is divided by 56.
50
Calculate the remainder when 5465 is divided by 187.
42
Calculate the remainder when 46819 is divided by 385.
234
What is the remainder when 741889 is divided by 153?
145
What is the remainder when 4812 is divided by 174?
114
What is the remainder when 15594 is divided by 866?
6
What is the remainder when 3347 is divided by 1447?
453
What is the remainder when 16037 is divided by 1449?
98
What is the remainder when 731238 is divided by 243745?
3
What is the remainder when 161475 is divided by 367?
362
What is the remainder when 69 is divided by 30?
9
Calculate the remainder when 257552 is divided by 253.
251
What is the remainder when 13153 is divided by 44?
41
What is the remainder when 4407 is divided by 71?
5
What is the remainder when 48041 is divided by 16011?
8
What is the remainder when 525850 is divided by 36?
34
Calculate the remainder when 8475 is divided by 2116.
11
What is the remainder when 588 is divided by 408?
180
What is the remainder when 163255 is divided by 677?
98
What is the remainder when 1117156 is divided by 18?
4
Calculate the remainder when 1018043 is divided by 374.
15
Calculate the remainder when 4471 is divided by 869.
126
Calculate the remainder when 2588809 is divided by 10.
9
What is the remainder when 26830 is divided by 344?
342
What is the remainder when 2468 is divided by 89?
65
What is the remainder when 47473 is divided by 7911?
7
What is the remainder when 4302 is divided by 191?
100
What is the remainder when 365854 is divided by 182923?
8
What is the remainder when 2145 is divided by 11?
0
What is the remainder when 6969 is divided by 1493?
997
What is the remainder when 100239 is divided by 25058?
7
What is the remainder when 1080 is divided by 535?
10
Calculate the remainder when 155588 is divided by 273.
251
What is the remainder when 515921 is divided by 257958?
5
What is the remainder when 995 is divided by 952?
43
What is the remainder when 10137 is divided by 5?
2
What is the remainder when 75686 is divided by 8?
6
Calculate the remainder when 40536 is divided by 20.
16
Calculate the remainder when 32910 is divided by 35.
10
Calculate the remainder when 33940 is divided by 16965.
10
What is the remainder when 8180 is divided by 453?
26
What is the remainder when 1914 is divided by 234?
42
What is the remainder when 9264 is divided by 2218?
392
Calculate the remainder when 26092 is divided by 549.
289
What is the remainder when 3035 is divided by 7?
4
What is the remainder when 141514 is divided by 610?
604
Calculate the remainder when 3410 is divided by 600.
410
What is the remainder when 9107 is divided by 2136?
563
Calculate the remainder when 4313 is divided by 1256.
545
What is the remainder when 14962 is divided by 57?
28
What is the remainder when 159293 is divided by 139?
138
Calculate the remainder when 585194 is divided by 1232.
1226
What is the remainder when 145542 is divided by 23?
21
What is the remainder when 5058 is divided by 114?
42
What is the remainder when 11038 is divided by 1040?
638
Calculate the remainder when 52800 is divided by 660.
0
Calculate the remainder when 293 is divided by 83.
44
Calculate the remainder when 11764 is divided by 177.
82
What is the remainder when 95984 is divided by 8723?
31
Calculate the remainder when 12544 is divided by 12451.
93
What is the remainder when 3542 is divided by 885?
2
What is the remainder when 1386930 is divided by 214?
210
What is the remainder when 44530 is divided by 450?
430
Calculate the remainder when 627 is divided by 230.
167
Calculate the remainder when 8302 is divided by 154.
140
Calculate the remainder when 51574 is divided by 4297.
10
What is the remainder when 1447 is divided by 195?
82
Calculate the remainder when 1256 is divided by 61.
36
Calculate the remainder when 21445 is divided by 10.
5
Calculate the remainder when 16437 is divided by 5475.
12
Calculate the remainder when 2500 is divided by 93.
82
What is the remainder when 67618 is divided by 60?
58
What is the remainder when 764157 is divided by 192?
189
Calculate the remainder when 242613 is divided by 3417.
6
What is the remainder when 25819 is divided by 187?
13
What is the remainder when 152495 is divided by 38116?
31
What is the remainder when 83211 is divided by 6934?
3
What is the remainder when 8888 is divided by 171?
167
What is the remainder when 33798 is divided by 36?
30
Calculate the remainder when 28150 is divided by 163.
114
Calculate the remainder when 425263 is divided by 67.
14
Calculate the remainder when 12253 is divided by 1310.
463
Calculate the remainder when 14523 is divided by 14.
5
What is the remainder when 1072 is divided by 232?
144
What is the remainder when 200 is divided by 88?
24
What is the remainder when 19044 is divided by 556?
140
What is the remainder when 525 is divided by 80?
45
Calculate the remainder when 1596 is divided by 8.
4
What is the remainder when 140846 is divided by 16?
14
Calculate the remainder when 1463 is divided by 292.
3
What is the remainder when 14555 is divided by 58?
55
Calculate the remainder when 56398 is divided by 2255.
23
What is the remainder when 1491 is divided by 758?
733
What is the remainder when 213 is divided by 132?
81
Calculate the remainder when 4791 is divided by 784.
87
Calculate the remainder when 1386 is divided by 106.
8
Calculate the remainder when 15650 is divided by 515.
200
What is the remainder when 34543 is divide